{"id":14175,"date":"2020-06-08T13:54:37","date_gmt":"2020-06-08T12:54:37","guid":{"rendered":"https:\/\/bosnjacki.rs\/?page_id=14175"},"modified":"2022-10-21T09:27:00","modified_gmt":"2022-10-21T08:27:00","slug":"atmosfera","status":"publish","type":"page","link":"https:\/\/bosnjacki.rs\/rs\/dnevne-sobe\/sofe\/atmosfera\/","title":{"rendered":"Atmosfera"},"content":{"rendered":"<p><div id='gallery-1' class='gallery galleryid-14175 gallery-columns-3 gallery-size-thumbnail'><figure class='gallery-item'>\n\t\t\t<div class='gallery-icon landscape'>\n\t\t\t\t<a href='https:\/\/bosnjacki.rs\/wp-content\/uploads\/2020\/06\/atmosfera-table-sofa.jpg'><img loading=\"lazy\" decoding=\"async\" width=\"300\" height=\"300\" src=\"https:\/\/bosnjacki.rs\/wp-content\/uploads\/2020\/06\/atmosfera-table-sofa-300x300.jpg\" class=\"attachment-thumbnail size-thumbnail\" alt=\"\" srcset=\"https:\/\/bosnjacki.rs\/wp-content\/uploads\/2020\/06\/atmosfera-table-sofa-300x300.jpg 300w, https:\/\/bosnjacki.rs\/wp-content\/uploads\/2020\/06\/atmosfera-table-sofa-72x72.jpg 72w\" sizes=\"auto, (max-width: 300px) 100vw, 300px\" \/><\/a>\n\t\t\t<\/div><\/figure><figure class='gallery-item'>\n\t\t\t<div class='gallery-icon landscape'>\n\t\t\t\t<a href='https:\/\/bosnjacki.rs\/wp-content\/uploads\/2020\/06\/Brands_Arredoclassic-Living-Room-Italy_Adora-Living_side_10.jpg'><img loading=\"lazy\" decoding=\"async\" width=\"300\" height=\"300\" src=\"https:\/\/bosnjacki.rs\/wp-content\/uploads\/2020\/06\/Brands_Arredoclassic-Living-Room-Italy_Adora-Living_side_10-300x300.jpg\" class=\"attachment-thumbnail size-thumbnail\" alt=\"\" srcset=\"https:\/\/bosnjacki.rs\/wp-content\/uploads\/2020\/06\/Brands_Arredoclassic-Living-Room-Italy_Adora-Living_side_10-300x300.jpg 300w, https:\/\/bosnjacki.rs\/wp-content\/uploads\/2020\/06\/Brands_Arredoclassic-Living-Room-Italy_Adora-Living_side_10-72x72.jpg 72w\" sizes=\"auto, (max-width: 300px) 100vw, 300px\" \/><\/a>\n\t\t\t<\/div><\/figure><figure class='gallery-item'>\n\t\t\t<div class='gallery-icon landscape'>\n\t\t\t\t<a href='https:\/\/bosnjacki.rs\/wp-content\/uploads\/2020\/06\/Atmosfera-sofa.jpg'><img loading=\"lazy\" decoding=\"async\" width=\"300\" height=\"300\" src=\"https:\/\/bosnjacki.rs\/wp-content\/uploads\/2020\/06\/Atmosfera-sofa-300x300.jpg\" class=\"attachment-thumbnail size-thumbnail\" alt=\"\" srcset=\"https:\/\/bosnjacki.rs\/wp-content\/uploads\/2020\/06\/Atmosfera-sofa-300x300.jpg 300w, https:\/\/bosnjacki.rs\/wp-content\/uploads\/2020\/06\/Atmosfera-sofa-72x72.jpg 72w\" sizes=\"auto, (max-width: 300px) 100vw, 300px\" \/><\/a>\n\t\t\t<\/div><\/figure><figure class='gallery-item'>\n\t\t\t<div class='gallery-icon landscape'>\n\t\t\t\t<a href='https:\/\/bosnjacki.rs\/wp-content\/uploads\/2020\/06\/Atmosfera-sofa-set.jpg'><img loading=\"lazy\" decoding=\"async\" width=\"300\" height=\"300\" src=\"https:\/\/bosnjacki.rs\/wp-content\/uploads\/2020\/06\/Atmosfera-sofa-set-300x300.jpg\" class=\"attachment-thumbnail size-thumbnail\" alt=\"\" srcset=\"https:\/\/bosnjacki.rs\/wp-content\/uploads\/2020\/06\/Atmosfera-sofa-set-300x300.jpg 300w, https:\/\/bosnjacki.rs\/wp-content\/uploads\/2020\/06\/Atmosfera-sofa-set-72x72.jpg 72w\" sizes=\"auto, (max-width: 300px) 100vw, 300px\" \/><\/a>\n\t\t\t<\/div><\/figure><figure class='gallery-item'>\n\t\t\t<div class='gallery-icon landscape'>\n\t\t\t\t<a href='https:\/\/bosnjacki.rs\/wp-content\/uploads\/2020\/06\/Atmosfera-Sofa-Detail.jpeg'><img loading=\"lazy\" decoding=\"async\" width=\"300\" height=\"300\" src=\"https:\/\/bosnjacki.rs\/wp-content\/uploads\/2020\/06\/Atmosfera-Sofa-Detail-300x300.jpeg\" class=\"attachment-thumbnail size-thumbnail\" alt=\"\" srcset=\"https:\/\/bosnjacki.rs\/wp-content\/uploads\/2020\/06\/Atmosfera-Sofa-Detail-300x300.jpeg 300w, https:\/\/bosnjacki.rs\/wp-content\/uploads\/2020\/06\/Atmosfera-Sofa-Detail-72x72.jpeg 72w\" sizes=\"auto, (max-width: 300px) 100vw, 300px\" \/><\/a>\n\t\t\t<\/div><\/figure>\n\t\t<\/div>\n<p><strong>Opis proizvoda:<\/strong><br \/>\nMebl \u0161tof po izboru.\u00a0 Dim. 282x95x84h, 242x95x84h i 202x95x84h<\/p>\n<p><strong>Tehni\u010dke specifikacije:<\/strong><br \/>\nMaterijali: masiv, mebl \u0161tof, mesing.<\/p>\n<p><strong>Dostupnost proizvoda:<\/strong><br \/>\nPo porud\u017ebini.<\/p>","protected":false},"excerpt":{"rendered":"<p>Opis proizvoda: Mebl \u0161tof po izboru.\u00a0 Dim. 282x95x84h, 242x95x84h i 202x95x84h Tehni\u010dke specifikacije: Materijali: masiv, mebl \u0161tof, mesing. Dostupnost proizvoda: Po porud\u017ebini.<\/p>\n","protected":false},"author":2,"featured_media":14178,"parent":62,"menu_order":0,"comment_status":"closed","ping_status":"closed","template":"page-services.php","meta":{"footnotes":""},"class_list":["post-14175","page","type-page","status-publish","has-post-thumbnail","hentry"],"_links":{"self":[{"href":"https:\/\/bosnjacki.rs\/rs\/wp-json\/wp\/v2\/pages\/14175","targetHints":{"allow":["GET"]}}],"collection":[{"href":"https:\/\/bosnjacki.rs\/rs\/wp-json\/wp\/v2\/pages"}],"about":[{"href":"https:\/\/bosnjacki.rs\/rs\/wp-json\/wp\/v2\/types\/page"}],"author":[{"embeddable":true,"href":"https:\/\/bosnjacki.rs\/rs\/wp-json\/wp\/v2\/users\/2"}],"replies":[{"embeddable":true,"href":"https:\/\/bosnjacki.rs\/rs\/wp-json\/wp\/v2\/comments?post=14175"}],"version-history":[{"count":2,"href":"https:\/\/bosnjacki.rs\/rs\/wp-json\/wp\/v2\/pages\/14175\/revisions"}],"predecessor-version":[{"id":15390,"href":"https:\/\/bosnjacki.rs\/rs\/wp-json\/wp\/v2\/pages\/14175\/revisions\/15390"}],"up":[{"embeddable":true,"href":"https:\/\/bosnjacki.rs\/rs\/wp-json\/wp\/v2\/pages\/62"}],"wp:featuredmedia":[{"embeddable":true,"href":"https:\/\/bosnjacki.rs\/rs\/wp-json\/wp\/v2\/media\/14178"}],"wp:attachment":[{"href":"https:\/\/bosnjacki.rs\/rs\/wp-json\/wp\/v2\/media?parent=14175"}],"curies":[{"name":"wp","href":"https:\/\/api.w.org\/{rel}","templated":true}]}}

<p><div id='gallery-1' class='gallery galleryid-14175 gallery-columns-3 gallery-size-thumbnail'><figure class='gallery-item'>
			<div class='gallery-icon landscape'>
				<a href='https://bosnjacki.rs/wp-content/uploads/2020/06/atmosfera-table-sofa.jpg'><img loading="lazy" decoding="async" width="300" height="300" src="https://bosnjacki.rs/wp-content/uploads/2020/06/atmosfera-table-sofa-300x300.jpg" class="attachment-thumbnail size-thumbnail" alt="" srcset="https://bosnjacki.rs/wp-content/uploads/2020/06/atmosfera-table-sofa-300x300.jpg 300w, https://bosnjacki.rs/wp-content/uploads/2020/06/atmosfera-table-sofa-72x72.jpg 72w" sizes="auto, (max-width: 300px) 100vw, 300px" /></a>
			</div></figure><figure class='gallery-item'>
			<div class='gallery-icon landscape'>
				<a href='https://bosnjacki.rs/wp-content/uploads/2020/06/Brands_Arredoclassic-Living-Room-Italy_Adora-Living_side_10.jpg'><img loading="lazy" decoding="async" width="300" height="300" src="https://bosnjacki.rs/wp-content/uploads/2020/06/Brands_Arredoclassic-Living-Room-Italy_Adora-Living_side_10-300x300.jpg" class="attachment-thumbnail size-thumbnail" alt="" srcset="https://bosnjacki.rs/wp-content/uploads/2020/06/Brands_Arredoclassic-Living-Room-Italy_Adora-Living_side_10-300x300.jpg 300w, https://bosnjacki.rs/wp-content/uploads/2020/06/Brands_Arredoclassic-Living-Room-Italy_Adora-Living_side_10-72x72.jpg 72w" sizes="auto, (max-width: 300px) 100vw, 300px" /></a>
			</div></figure><figure class='gallery-item'>
			<div class='gallery-icon landscape'>
				<a href='https://bosnjacki.rs/wp-content/uploads/2020/06/Atmosfera-sofa.jpg'><img loading="lazy" decoding="async" width="300" height="300" src="https://bosnjacki.rs/wp-content/uploads/2020/06/Atmosfera-sofa-300x300.jpg" class="attachment-thumbnail size-thumbnail" alt="" srcset="https://bosnjacki.rs/wp-content/uploads/2020/06/Atmosfera-sofa-300x300.jpg 300w, https://bosnjacki.rs/wp-content/uploads/2020/06/Atmosfera-sofa-72x72.jpg 72w" sizes="auto, (max-width: 300px) 100vw, 300px" /></a>
			</div></figure><figure class='gallery-item'>
			<div class='gallery-icon landscape'>
				<a href='https://bosnjacki.rs/wp-content/uploads/2020/06/Atmosfera-sofa-set.jpg'><img loading="lazy" decoding="async" width="300" height="300" src="https://bosnjacki.rs/wp-content/uploads/2020/06/Atmosfera-sofa-set-300x300.jpg" class="attachment-thumbnail size-thumbnail" alt="" srcset="https://bosnjacki.rs/wp-content/uploads/2020/06/Atmosfera-sofa-set-300x300.jpg 300w, https://bosnjacki.rs/wp-content/uploads/2020/06/Atmosfera-sofa-set-72x72.jpg 72w" sizes="auto, (max-width: 300px) 100vw, 300px" /></a>
			</div></figure><figure class='gallery-item'>
			<div class='gallery-icon landscape'>
				<a href='https://bosnjacki.rs/wp-content/uploads/2020/06/Atmosfera-Sofa-Detail.jpeg'><img loading="lazy" decoding="async" width="300" height="300" src="https://bosnjacki.rs/wp-content/uploads/2020/06/Atmosfera-Sofa-Detail-300x300.jpeg" class="attachment-thumbnail size-thumbnail" alt="" srcset="https://bosnjacki.rs/wp-content/uploads/2020/06/Atmosfera-Sofa-Detail-300x300.jpeg 300w, https://bosnjacki.rs/wp-content/uploads/2020/06/Atmosfera-Sofa-Detail-72x72.jpeg 72w" sizes="auto, (max-width: 300px) 100vw, 300px" /></a>
			</div></figure>
		</div>
<p><strong>Opis proizvoda:</strong><br />
Mebl štof po izboru.  Dim. 282x95x84h, 242x95x84h i 202x95x84h</p>
<p><strong>Tehničke specifikacije:</strong><br />
Materijali: masiv, mebl štof, mesing.</p>
<p><strong>Dostupnost proizvoda:</strong><br />
Po porudžbini.</p>

<p>Opis proizvoda: Mebl štof po izboru.  Dim. 282x95x84h, 242x95x84h i 202x95x84h Tehničke specifikacije: Materijali: masiv, mebl štof, mesing. Dostupnost proizvoda: Po porudžbini.</p>
