{"id":14359,"date":"2020-11-03T14:26:23","date_gmt":"2020-11-03T13:26:23","guid":{"rendered":"https:\/\/bosnjacki.rs\/?page_id=14359"},"modified":"2020-11-03T14:26:23","modified_gmt":"2020-11-03T13:26:23","slug":"velta","status":"publish","type":"page","link":"https:\/\/bosnjacki.rs\/rs\/radne-sobe\/radne-stolice\/velta\/","title":{"rendered":"Velta"},"content":{"rendered":"<p><div id='gallery-1' class='gallery galleryid-14359 gallery-columns-3 gallery-size-thumbnail'><figure class='gallery-item'>\n\t\t\t<div class='gallery-icon landscape'>\n\t\t\t\t<a href='https:\/\/bosnjacki.rs\/wp-content\/uploads\/2020\/11\/Velta-1.jpg'><img loading=\"lazy\" decoding=\"async\" width=\"300\" height=\"300\" src=\"https:\/\/bosnjacki.rs\/wp-content\/uploads\/2020\/11\/Velta-1-300x300.jpg\" class=\"attachment-thumbnail size-thumbnail\" alt=\"\" srcset=\"https:\/\/bosnjacki.rs\/wp-content\/uploads\/2020\/11\/Velta-1-300x300.jpg 300w, https:\/\/bosnjacki.rs\/wp-content\/uploads\/2020\/11\/Velta-1-72x72.jpg 72w, https:\/\/bosnjacki.rs\/wp-content\/uploads\/2020\/11\/Velta-1.jpg 600w\" sizes=\"auto, (max-width: 300px) 100vw, 300px\" \/><\/a>\n\t\t\t<\/div><\/figure><figure class='gallery-item'>\n\t\t\t<div class='gallery-icon portrait'>\n\t\t\t\t<a href='https:\/\/bosnjacki.rs\/wp-content\/uploads\/2020\/11\/Velta2.jpg'><img loading=\"lazy\" decoding=\"async\" width=\"300\" height=\"300\" src=\"https:\/\/bosnjacki.rs\/wp-content\/uploads\/2020\/11\/Velta2-300x300.jpg\" class=\"attachment-thumbnail size-thumbnail\" alt=\"\" srcset=\"https:\/\/bosnjacki.rs\/wp-content\/uploads\/2020\/11\/Velta2-300x300.jpg 300w, https:\/\/bosnjacki.rs\/wp-content\/uploads\/2020\/11\/Velta2-72x72.jpg 72w\" sizes=\"auto, (max-width: 300px) 100vw, 300px\" \/><\/a>\n\t\t\t<\/div><\/figure>\n\t\t<\/div>\n<p><strong>Opis proizvoda:<\/strong><br \/>\nBoja drveta, mebl \u0161tof ili ko\u017ea po izboru. Dim.77x78x113h<\/p>\n<p><strong>Tehni\u010dke specifikacije:<\/strong><br \/>\nMaterijali: mebl \u0161tof, masiv bukva.<\/p>\n<p><strong>Dostupnost proizvoda:<\/strong><br \/>\nPo porud\u017ebini<\/p>","protected":false},"excerpt":{"rendered":"<p>Opis proizvoda: Boja drveta, mebl \u0161tof ili ko\u017ea po izboru. Dim.77x78x113h Tehni\u010dke specifikacije: Materijali: mebl \u0161tof, masiv bukva. Dostupnost proizvoda: Po porud\u017ebini<\/p>\n","protected":false},"author":2,"featured_media":14362,"parent":95,"menu_order":0,"comment_status":"closed","ping_status":"closed","template":"page-services.php","meta":{"footnotes":""},"class_list":["post-14359","page","type-page","status-publish","has-post-thumbnail","hentry"],"_links":{"self":[{"href":"https:\/\/bosnjacki.rs\/rs\/wp-json\/wp\/v2\/pages\/14359","targetHints":{"allow":["GET"]}}],"collection":[{"href":"https:\/\/bosnjacki.rs\/rs\/wp-json\/wp\/v2\/pages"}],"about":[{"href":"https:\/\/bosnjacki.rs\/rs\/wp-json\/wp\/v2\/types\/page"}],"author":[{"embeddable":true,"href":"https:\/\/bosnjacki.rs\/rs\/wp-json\/wp\/v2\/users\/2"}],"replies":[{"embeddable":true,"href":"https:\/\/bosnjacki.rs\/rs\/wp-json\/wp\/v2\/comments?post=14359"}],"version-history":[{"count":1,"href":"https:\/\/bosnjacki.rs\/rs\/wp-json\/wp\/v2\/pages\/14359\/revisions"}],"predecessor-version":[{"id":14363,"href":"https:\/\/bosnjacki.rs\/rs\/wp-json\/wp\/v2\/pages\/14359\/revisions\/14363"}],"up":[{"embeddable":true,"href":"https:\/\/bosnjacki.rs\/rs\/wp-json\/wp\/v2\/pages\/95"}],"wp:featuredmedia":[{"embeddable":true,"href":"https:\/\/bosnjacki.rs\/rs\/wp-json\/wp\/v2\/media\/14362"}],"wp:attachment":[{"href":"https:\/\/bosnjacki.rs\/rs\/wp-json\/wp\/v2\/media?parent=14359"}],"curies":[{"name":"wp","href":"https:\/\/api.w.org\/{rel}","templated":true}]}}

<p><div id='gallery-1' class='gallery galleryid-14359 gallery-columns-3 gallery-size-thumbnail'><figure class='gallery-item'>
			<div class='gallery-icon landscape'>
				<a href='https://bosnjacki.rs/wp-content/uploads/2020/11/Velta-1.jpg'><img loading="lazy" decoding="async" width="300" height="300" src="https://bosnjacki.rs/wp-content/uploads/2020/11/Velta-1-300x300.jpg" class="attachment-thumbnail size-thumbnail" alt="" srcset="https://bosnjacki.rs/wp-content/uploads/2020/11/Velta-1-300x300.jpg 300w, https://bosnjacki.rs/wp-content/uploads/2020/11/Velta-1-72x72.jpg 72w, https://bosnjacki.rs/wp-content/uploads/2020/11/Velta-1.jpg 600w" sizes="auto, (max-width: 300px) 100vw, 300px" /></a>
			</div></figure><figure class='gallery-item'>
			<div class='gallery-icon portrait'>
				<a href='https://bosnjacki.rs/wp-content/uploads/2020/11/Velta2.jpg'><img loading="lazy" decoding="async" width="300" height="300" src="https://bosnjacki.rs/wp-content/uploads/2020/11/Velta2-300x300.jpg" class="attachment-thumbnail size-thumbnail" alt="" srcset="https://bosnjacki.rs/wp-content/uploads/2020/11/Velta2-300x300.jpg 300w, https://bosnjacki.rs/wp-content/uploads/2020/11/Velta2-72x72.jpg 72w" sizes="auto, (max-width: 300px) 100vw, 300px" /></a>
			</div></figure>
		</div>
<p><strong>Opis proizvoda:</strong><br />
Boja drveta, mebl štof ili koža po izboru. Dim.77x78x113h</p>
<p><strong>Tehničke specifikacije:</strong><br />
Materijali: mebl štof, masiv bukva.</p>
<p><strong>Dostupnost proizvoda:</strong><br />
Po porudžbini</p>

<p>Opis proizvoda: Boja drveta, mebl štof ili koža po izboru. Dim.77x78x113h Tehničke specifikacije: Materijali: mebl štof, masiv bukva. Dostupnost proizvoda: Po porudžbini</p>
