{"id":14789,"date":"2021-03-09T12:03:56","date_gmt":"2021-03-09T11:03:56","guid":{"rendered":"https:\/\/bosnjacki.rs\/?page_id=14789"},"modified":"2022-09-23T09:02:15","modified_gmt":"2022-09-23T08:02:15","slug":"modigliani","status":"publish","type":"page","link":"https:\/\/bosnjacki.rs\/rs\/dnevne-sobe\/sofe\/modigliani\/","title":{"rendered":"Modigliani"},"content":{"rendered":"<p><div id='gallery-1' class='gallery galleryid-14789 gallery-columns-3 gallery-size-thumbnail'><figure class='gallery-item'>\n\t\t\t<div class='gallery-icon landscape'>\n\t\t\t\t<a href='https:\/\/bosnjacki.rs\/wp-content\/uploads\/2021\/03\/Modigliani-sofa.jpg'><img loading=\"lazy\" decoding=\"async\" width=\"300\" height=\"300\" src=\"https:\/\/bosnjacki.rs\/wp-content\/uploads\/2021\/03\/Modigliani-sofa-300x300.jpg\" class=\"attachment-thumbnail size-thumbnail\" alt=\"\" srcset=\"https:\/\/bosnjacki.rs\/wp-content\/uploads\/2021\/03\/Modigliani-sofa-300x300.jpg 300w, https:\/\/bosnjacki.rs\/wp-content\/uploads\/2021\/03\/Modigliani-sofa-72x72.jpg 72w\" sizes=\"auto, (max-width: 300px) 100vw, 300px\" \/><\/a>\n\t\t\t<\/div><\/figure><figure class='gallery-item'>\n\t\t\t<div class='gallery-icon landscape'>\n\t\t\t\t<a href='https:\/\/bosnjacki.rs\/wp-content\/uploads\/2021\/03\/Modigliani-sofa2.jpg'><img loading=\"lazy\" decoding=\"async\" width=\"300\" height=\"300\" src=\"https:\/\/bosnjacki.rs\/wp-content\/uploads\/2021\/03\/Modigliani-sofa2-300x300.jpg\" class=\"attachment-thumbnail size-thumbnail\" alt=\"\" srcset=\"https:\/\/bosnjacki.rs\/wp-content\/uploads\/2021\/03\/Modigliani-sofa2-300x300.jpg 300w, https:\/\/bosnjacki.rs\/wp-content\/uploads\/2021\/03\/Modigliani-sofa2-72x72.jpg 72w, https:\/\/bosnjacki.rs\/wp-content\/uploads\/2021\/03\/Modigliani-sofa2-540x540.jpg 540w\" sizes=\"auto, (max-width: 300px) 100vw, 300px\" \/><\/a>\n\t\t\t<\/div><\/figure><figure class='gallery-item'>\n\t\t\t<div class='gallery-icon landscape'>\n\t\t\t\t<a href='https:\/\/bosnjacki.rs\/wp-content\/uploads\/2021\/03\/modigliani-sofa3.jpg'><img loading=\"lazy\" decoding=\"async\" width=\"300\" height=\"300\" src=\"https:\/\/bosnjacki.rs\/wp-content\/uploads\/2021\/03\/modigliani-sofa3-300x300.jpg\" class=\"attachment-thumbnail size-thumbnail\" alt=\"\" srcset=\"https:\/\/bosnjacki.rs\/wp-content\/uploads\/2021\/03\/modigliani-sofa3-300x300.jpg 300w, https:\/\/bosnjacki.rs\/wp-content\/uploads\/2021\/03\/modigliani-sofa3-72x72.jpg 72w\" sizes=\"auto, (max-width: 300px) 100vw, 300px\" \/><\/a>\n\t\t\t<\/div><\/figure>\n\t\t<\/div>\n<p><strong>Opis proizvoda:<\/strong><br \/>\nMebl \u0161tof po izboru.\u00a0 Dim. troseda 248x98x92h, dim. dvoseda 200x98x92h. Opcija na razvla\u010denje.<\/p>\n<p><strong>Tehni\u010dke specifikacije:<\/strong><br \/>\nMaterijali: masiv, mebl \u0161tof.<\/p>\n<p><strong>Dostupnost proizvoda:<\/strong><br \/>\nPo porud\u017ebini.<\/p>","protected":false},"excerpt":{"rendered":"<p>Opis proizvoda: Mebl \u0161tof po izboru.\u00a0 Dim. troseda 248x98x92h, dim. dvoseda 200x98x92h. Opcija na razvla\u010denje. Tehni\u010dke specifikacije: Materijali: masiv, mebl \u0161tof. Dostupnost proizvoda: Po porud\u017ebini.<\/p>\n","protected":false},"author":2,"featured_media":14790,"parent":62,"menu_order":0,"comment_status":"closed","ping_status":"closed","template":"page-services.php","meta":{"footnotes":""},"class_list":["post-14789","page","type-page","status-publish","has-post-thumbnail","hentry"],"_links":{"self":[{"href":"https:\/\/bosnjacki.rs\/rs\/wp-json\/wp\/v2\/pages\/14789","targetHints":{"allow":["GET"]}}],"collection":[{"href":"https:\/\/bosnjacki.rs\/rs\/wp-json\/wp\/v2\/pages"}],"about":[{"href":"https:\/\/bosnjacki.rs\/rs\/wp-json\/wp\/v2\/types\/page"}],"author":[{"embeddable":true,"href":"https:\/\/bosnjacki.rs\/rs\/wp-json\/wp\/v2\/users\/2"}],"replies":[{"embeddable":true,"href":"https:\/\/bosnjacki.rs\/rs\/wp-json\/wp\/v2\/comments?post=14789"}],"version-history":[{"count":2,"href":"https:\/\/bosnjacki.rs\/rs\/wp-json\/wp\/v2\/pages\/14789\/revisions"}],"predecessor-version":[{"id":15388,"href":"https:\/\/bosnjacki.rs\/rs\/wp-json\/wp\/v2\/pages\/14789\/revisions\/15388"}],"up":[{"embeddable":true,"href":"https:\/\/bosnjacki.rs\/rs\/wp-json\/wp\/v2\/pages\/62"}],"wp:featuredmedia":[{"embeddable":true,"href":"https:\/\/bosnjacki.rs\/rs\/wp-json\/wp\/v2\/media\/14790"}],"wp:attachment":[{"href":"https:\/\/bosnjacki.rs\/rs\/wp-json\/wp\/v2\/media?parent=14789"}],"curies":[{"name":"wp","href":"https:\/\/api.w.org\/{rel}","templated":true}]}}

<p><div id='gallery-1' class='gallery galleryid-14789 gallery-columns-3 gallery-size-thumbnail'><figure class='gallery-item'>
			<div class='gallery-icon landscape'>
				<a href='https://bosnjacki.rs/wp-content/uploads/2021/03/Modigliani-sofa.jpg'><img loading="lazy" decoding="async" width="300" height="300" src="https://bosnjacki.rs/wp-content/uploads/2021/03/Modigliani-sofa-300x300.jpg" class="attachment-thumbnail size-thumbnail" alt="" srcset="https://bosnjacki.rs/wp-content/uploads/2021/03/Modigliani-sofa-300x300.jpg 300w, https://bosnjacki.rs/wp-content/uploads/2021/03/Modigliani-sofa-72x72.jpg 72w" sizes="auto, (max-width: 300px) 100vw, 300px" /></a>
			</div></figure><figure class='gallery-item'>
			<div class='gallery-icon landscape'>
				<a href='https://bosnjacki.rs/wp-content/uploads/2021/03/Modigliani-sofa2.jpg'><img loading="lazy" decoding="async" width="300" height="300" src="https://bosnjacki.rs/wp-content/uploads/2021/03/Modigliani-sofa2-300x300.jpg" class="attachment-thumbnail size-thumbnail" alt="" srcset="https://bosnjacki.rs/wp-content/uploads/2021/03/Modigliani-sofa2-300x300.jpg 300w, https://bosnjacki.rs/wp-content/uploads/2021/03/Modigliani-sofa2-72x72.jpg 72w, https://bosnjacki.rs/wp-content/uploads/2021/03/Modigliani-sofa2-540x540.jpg 540w" sizes="auto, (max-width: 300px) 100vw, 300px" /></a>
			</div></figure><figure class='gallery-item'>
			<div class='gallery-icon landscape'>
				<a href='https://bosnjacki.rs/wp-content/uploads/2021/03/modigliani-sofa3.jpg'><img loading="lazy" decoding="async" width="300" height="300" src="https://bosnjacki.rs/wp-content/uploads/2021/03/modigliani-sofa3-300x300.jpg" class="attachment-thumbnail size-thumbnail" alt="" srcset="https://bosnjacki.rs/wp-content/uploads/2021/03/modigliani-sofa3-300x300.jpg 300w, https://bosnjacki.rs/wp-content/uploads/2021/03/modigliani-sofa3-72x72.jpg 72w" sizes="auto, (max-width: 300px) 100vw, 300px" /></a>
			</div></figure>
		</div>
<p><strong>Opis proizvoda:</strong><br />
Mebl štof po izboru.  Dim. troseda 248x98x92h, dim. dvoseda 200x98x92h. Opcija na razvlačenje.</p>
<p><strong>Tehničke specifikacije:</strong><br />
Materijali: masiv, mebl štof.</p>
<p><strong>Dostupnost proizvoda:</strong><br />
Po porudžbini.</p>

<p>Opis proizvoda: Mebl štof po izboru.  Dim. troseda 248x98x92h, dim. dvoseda 200x98x92h. Opcija na razvlačenje. Tehničke specifikacije: Materijali: masiv, mebl štof. Dostupnost proizvoda: Po porudžbini.</p>
